nits digit of n?
1
Let m = -29 - -30. Let f = 10 - m. Suppose 3*b = f*b - 468. What is the tens digit of b?
7
Let z = -11600 - -19877. What is the units digit of z?
7
Suppose 3*f = -2*w + 2*f + 40, -2*f = -2*w + 28. Let o(c) = -c**2 + 20*c - 26. Let u be o(w). Let d(s) = 2*s**2 - 12*s - 8. What is the units digit of d(u)?
2
Let h be 6/2 + 3/(-9)*-9. Suppose h*o = 16 + 8. Suppose -3*k + 420 = o*k. What is the units digit of k?
0
Let v = 13352 - 5502. What is the hundreds digit of v?
8
Let p(o) = 32*o**2 - 4*o + 205. What is the thousands digit of p(17)?
9
Let h(p) = p + 808. Let c be h(0). Let a be 5/(20/c) + 1. Suppose -u = -8*u + a. What is the units digit of u?
9
Let i(o) = -718*o - 2203. What is the hundreds digit of i(-9)?
2
Let u(t) = 11*t**2 - 3*t - 4. Let f be u(-1). What is the units digit of ((-1400)/(-15))/f*12?
2
Let y = 46 + -44. Suppose m - 186 = -y*m. Suppose 4*c = 4*f - 308, 0 = -f + 3*c + c + m. What is the units digit of f?
2
Suppose -78 = -9*g - 24. Let s be 5 - 1*(5 - g). Suppose 259 = s*m + m. What is the units digit of m?
7
Suppose -33 = 4*i - 253. Suppose 4*z - i - 561 = 0. Suppose -15 - z = -v. What is the hundreds digit of v?
1
Suppose -3*o = j - 0*j + 424, 5*j + 4*o = -2131. Let w = j + 653. What is the tens digit of w?
2
Let u(z) = -z**2 - 16*z - 11. Let h be u(-15). Let c be h/10 + 2022/(-30). What is the units digit of (c + 2)*-1 - 2?
3
What is the ten thousands digit of (12993/12)/((0 - -6) + (-1666)/280)?
2
Let n(w) = w**3 - 4*w**2 - 3*w + 7. Let s be n(7). Let p be ((-63)/(-24) - 3) + 8217/88. Let u = s - p. What is the units digit of u?
0
Let a(n) = -n**3 + 21*n**2 + 20*n - 60. Let o be a(22). Let v = 203 + o. What is the tens digit of v?
9
Let m be (9 + -14)*1/(-5)*586. Let n = m - 315. What is the hundreds digit of n?
2
What is the tens digit of (-6)/48*4*29/(145/(-37650))?
6
Let x(v) = v**3 - 8*v**2 + 7*v - 6. Suppose 2 + 12 = 2*o. Let j be x(o). What is the tens digit of 280/j*6/(-4)?
7
Let a = 35 + 150. Let q = 299 + a. What is the tens digit of q?
8
Let w(u) = -u + 12. Let i be w(7). Let t be (-2)/(-3)*(-5)/(i/(-3)). What is the hundreds digit of 389/t + (-3)/(-2)?
1
Suppose 0 = q - 2*i - 4643, 447*i = -4*q + 445*i + 18582. What is the tens digit of q?
4
Let a(q) = -q**2 - 2*q - 31. Let z be a(0). Let u(b) = b**2 - 2*b + 2. Let f be u(5). Let g = f - z. What is the units digit of g?
8
Suppose 0 = -2*p + r + 10109, -p = 3*r + 2*r - 5038. What is the thousands digit of p?
5
Let l be (2/(-6) - 0)/(1/(-9)). Suppose -5*r + 541 + 223 = -3*m, 4*m = -l*r + 441. Suppose -5*s + 4 = 14, z + 3*s - r = 0. What is the tens digit of z?
5
Suppose -z = 13*z - 1820. Suppose -3*i + z + 17 = 3*f, 0 = -f + 3*i + 33. What is the units digit of 12696/60 - 3/(f/(-6))?
2
Let w be (3/2)/((-88)/(-1936)). Suppose 5*m - 3985 = -5*d, -d = -30*m + w*m - 797. What is the units digit of d?
7
What is the hundreds digit of 30167/(-1)*(46/(-207))/(11/99)?
3
Let s(i) = -18*i + i**2 + 7*i + 14*i - 14. Let f be s(-5). What is the tens digit of (0 + -103)/(f + 3)?
0
Let r = -79 - -84. Suppose -3*y + r*y - 1 = j, 4 = 5*j - y. What is the tens digit of (-7)/28 + ((-2799)/(-12))/j?
3
Let r(v) = v**3 - 14*v**2 + 13*v - 13. Let w be r(13). Let o = w - -34. Let y = 83 - o. What is the tens digit of y?
6
Let g(m) = -1. Let b(y) = 560*y**2 + 14*y - 16. Let s(j) = b(j) - 3*g(j). What is the tens digit of s(1)?
6
Let n = -3646 + 7314. What is the hundreds digit of n?
6
Let v(j) = 117*j**3 - 27*j**2 + 247*j - 27. What is the tens digit of v(8)?
2
Let d(q) = q**3 + 18*q**2 + 25*q + 84. Suppose -9*r = -5*r + 44. What is the hundreds digit of d(r)?
6
Let s(c) = -2*c**2 - 2*c + 101. Let m = -119 + 57. Let a = -62 - m. What is the units digit of s(a)?
1
Let z be ((-3102)/(-44))/((-6)/(-8)). What is the tens digit of z + 9/(-12) + 5/(-20)?
9
What is the ten thousands digit of (-99)/(-363) - (-3 - (-1470405)/(-33))?
4
Suppose -2*l = -5*g + 279, 2*g + g = 2*l + 165. Suppose g = -7*v + 8. Let w(j) = 3*j**2 + 3*j - 16. What is the tens digit of w(v)?
1
Suppose 50*s = 48*s - 5*x + 15905, -5*s - x + 39705 = 0. What is the units digit of s?
0
Let f = -3 + 17. Suppose 808 = f*s - 410. What is the units digit of s?
7
Let j(l) = 5 + 815*l**2 - 45*l - 1 - 814*l**2. Let a be j(-11). Let q = -430 + a. What is the tens digit of q?
9
Let k = -17810 + 58865. What is the units digit of k?
5
Let o(b) = 2*b**3 + b**2 - 9*b + 5. Let c be o(6). Suppose -67 - c = -6*s. Let g = s + -44. What is the units digit of g?
7
Let r(c) be the first derivative of -c**4/4 + 8*c**3/3 - 3*c**2 + 25. Let k be r(5). Let o = 56 - k. What is the units digit of o?
1
What is the ten thousands digit of ((-28)/8 + 4)*12*(-1688462)/(-164)?
6
Suppose 1004445 = 3323*l - 3258*l. What is the thousands digit of l?
5
Let o = 198 + -381. Let h = o + 607. What is the tens digit of h?
2
Let i be (-5)/25*2*-5. What is the hundreds digit of (4710/9)/i + 6/(-9)?
2
Let y(a) = 2*a**3 - 9*a**2 - 43*a - 15. Let c be y(32). What is the hundreds digit of 1/(-5) + 0 + c/95?
5
Let o be (-1)/((-2)/(-6)) - -11. Suppose 0 = -2*g + 12 - o. Suppose -2 = -g*b + 4, 37 = t + 3*b. What is the units digit of t?
8
Suppose -m - 243468 = -56*u + 51*u, -u + 5*m = -48660. What is the units digit of u?
5
Suppose 0 = 3*m + 3*y - 8985, 0 = -m + y - 5*y + 3007. What is the hundreds digit of (-3)/(-4) + 1 + m/12?
2
Let p be 1 + -2 + -12 + 27. Suppose 1556 + 2630 = p*d. What is the tens digit of d?
9
Suppose 25293 = k - 3*t, -5*t + 127941 = 4*k + 26633. What is the thousands digit of k?
5
Let q(c) = 3*c**2 + 69*c + 99. Let p be q(-27). Suppose -f + 1027 = p. What is the units digit of f?
4
Let a = 1581 + -80. Let m = 2452 - a. What is the hundreds digit of m?
9
Let n be (-578)/6 + 3/9. What is the tens digit of ((-264)/n)/((-2)/(-64))?
8
What is the ten thousands digit of ((-61788)/21)/((-156)/546)?
1
What is the thousands digit of (-4)/(-20) + (-7 - (-40304)/5)?
8
Let b(v) be the second derivative of 38*v + 0 + 1/12*v**4 + 69*v**2 + 0*v**3. What is the tens digit of b(0)?
3
Suppose 2*c + 2*l - 3000 = 10466, 2*c - 13451 = 3*l. What is the hundreds digit of c?
7
Let i = -80 - -85. Suppose -5*c - i*h = -4*c - 41, 3*c - 203 = h. Suppose -100 - c = -2*s. What is the tens digit of s?
8
Suppose 22*q - 596 = 1318. Let p be 724*1*(-3)/(-12). Let h = p - q. What is the tens digit of h?
9
Let s = -15091 + 59544. What is the ten thousands digit of s?
4
Suppose 3*t = -3 + 3. Suppose 12 = 12*o - t. Suppose o = -m, 5*n = 2*n - 5*m + 328. What is the tens digit of n?
1
Let f(p) = 4*p - 19. Let d be f(-3). Let y = d + 175. What is the units digit of y?
4
Let y be 0 - 7 - 0/(-2). Let m(v) = 7*v**2 + 24*v + 5. What is the units digit of m(y)?
0
Let q(s) be the third derivative of s**4 - 41*s**3/6 + 5*s**2 + 7. What is the hundreds digit of q(22)?
4
Suppose -7*k = -16*k - 20*k + 193952. What is the hundreds digit of k?
6
Let n(v) be the third derivative of v**5/6 - 5*v**4/6 + 21*v**3 + v**2 - 57*v. What is the tens digit of n(9)?
5
Let k(v) = -3*v**2 + 7*v - 12. Let w be k(-9). Let h = w + 559. Let u = -162 + h. What is the tens digit of u?
7
Suppose 250*r + 11742 = 307*r. What is the hundreds digit of r?
2
Suppose -430*w + 433*w - 62901 = 0. What is the ten thousands digit of w?
2
Suppose 28 = 4*u + 3*u. Suppose 0*g + g = -t + 27, 0 = u*t - 2*g - 138. Let s = t + 66. What is the tens digit of s?
9
Suppose 3*s + 12 = 0, -3*s - 43326 = -4*c - 13126. What is the hundreds digit of c?
5
Let j(p) be the first derivative of -p**4/6 + 3*p**3/2 - 3*p**2 + 5. Let s(w) be the second derivative of j(w). What is the tens digit of s(-14)?
6
Suppose -11*n + 13*n + 6 = 0. Let o be 168/(-30) - n/(-30)*4. What is the units digit of (o/8)/(107/36 + -3)?
7
Let l = 9591 + 1565. What is the tens digit of l?
5
Let u be 4 + (1354 - (6 - 4)). Suppose 4*h - u = -4*l, l - 3*h = 85 + 258. What is the hundreds digit of l?
3
Suppose 16*i + 6*i - 20746 = 0. Let c = i + -603. What is the tens digit of c?
4
Suppose f - 5*y - 14 = 0, -6 = -5*f + f - 5*y. Suppose -6*w - 2*r + 806 = -9*w, f*r + 1068 = -4*w. Let o = w - -481. What is the units digit of o?
3
Let p = 1911 - 4. What is the thousands digit of p?
1
Let d(q) = 7*q - 41. Let g be d(9). What is the hundreds digit of g*((-48)/(-18))/(3/1